
6
Calculate the greatest common factor of 65 and 1495.
65
Calculate the highest common factor of 72 and 64.
8
Calculate the highest common divisor of 784 and 32.
16
Calculate the greatest common factor of 270 and 2592.
54
What is the greatest common divisor of 210 and 1785?
105
Calculate the highest common factor of 285 and 969.
57
What is the highest common divisor of 11 and 451?
11
Calculate the highest common divisor of 221 and 323.
17
Calculate the greatest common divisor of 224 and 2380.
28
What is the highest common factor of 26 and 208?
26
Calculate the greatest common factor of 5863 and 143.
143
What is the greatest common factor of 42 and 2502?
6
What is the highest common factor of 4 and 54?
2
Calculate the greatest common factor of 91 and 28.
7
What is the greatest common divisor of 18 and 1422?
18
What is the greatest common divisor of 3 and 25719?
3
Calculate the highest common divisor of 749 and 7.
7
What is the highest common factor of 5946 and 6?
6
What is the greatest common factor of 108 and 456?
12
What is the greatest common factor of 825 and 924?
33
What is the highest common divisor of 3441 and 186?
93
Calculate the highest common divisor of 6 and 4182.
6
What is the greatest common divisor of 140 and 27580?
140
What is the highest common divisor of 29522 and 58?
58
What is the highest common divisor of 450 and 100?
50
Calculate the highest common factor of 364 and 140.
28
What is the greatest common divisor of 290 and 180?
10
Calculate the highest common factor of 484 and 2970.
22
Calculate the highest common factor of 49 and 56.
7
What is the highest common factor of 330 and 30?
30
What is the greatest common divisor of 343 and 56?
7
Calculate the highest common factor of 650 and 100.
50
What is the greatest common divisor of 27 and 441?
9
What is the greatest common factor of 280 and 336?
56
What is the highest common divisor of 1038 and 12?
6
Calculate the highest common divisor of 7116 and 36.
12
What is the highest common factor of 928 and 348?
116
What is the highest common divisor of 27 and 49?
1
Calculate the greatest common divisor of 1628 and 44.
44
What is the highest common divisor of 150 and 625?
25
What is the greatest common factor of 24 and 1632?
24
Calculate the highest common factor of 2257 and 61.
61
Calculate the greatest common factor of 1152 and 117.
9
Calculate the greatest common factor of 10 and 6145.
5
What is the greatest common factor of 4000 and 32?
32
What is the highest common divisor of 15 and 60?
15
What is the highest common factor of 702 and 208?
26
Calculate the greatest common factor of 44 and 13981.
11
Calculate the highest common divisor of 26 and 351.
13
Calculate the greatest common factor of 260 and 1430.
130
Calculate the highest common divisor of 430 and 10.
10
Calculate the highest common divisor of 6785 and 230.
115
Calculate the highest common factor of 6 and 22.
2
What is the greatest common divisor of 8375 and 67?
67
What is the greatest common factor of 540 and 60?
60
What is the highest common factor of 336 and 21?
21
What is the greatest common divisor of 12 and 228?
12
Calculate the highest common divisor of 2 and 8822.
2
What is the highest common factor of 17 and 20791?
17
Calculate the highest common factor of 665 and 15.
5
Calculate the highest common divisor of 195 and 105.
15
What is the greatest common divisor of 897 and 276?
69
Calculate the highest common factor of 34 and 493.
17
What is the highest common factor of 17763 and 186?
93
What is the highest common divisor of 23 and 7?
1
Calculate the highest common factor of 680 and 120.
40
Calculate the greatest common factor of 86 and 1.
1
Calculate the highest common divisor of 180 and 2.
2
What is the highest common divisor of 53658 and 9?
9
Calculate the greatest common divisor of 6544 and 32.
16
What is the highest common divisor of 533 and 13?
13
Calculate the greatest common factor of 49 and 833.
49
Calculate the highest common divisor of 36 and 29871.
9
What is the highest common factor of 846 and 36?
18
Calculate the highest common divisor of 1241 and 68.
17
What is the highest common factor of 3395 and 35?
35
What is the greatest common factor of 98 and 2?
2
Calculate the highest common factor of 3330 and 165.
15
Calculate the highest common factor of 276 and 18561.
69
Calculate the highest common divisor of 35 and 1715.
35
Calculate the highest common divisor of 522 and 493.
29
What is the greatest common divisor of 7519 and 73?
73
Calculate the greatest common divisor of 870 and 116.
58
What is the highest common factor of 64 and 40?
8
Calculate the highest common factor of 3239 and 948.
79
What is the greatest common factor of 132 and 9372?
132
What is the highest common divisor of 650 and 50?
50
Calculate the highest common factor of 138 and 8.
2
Calculate the highest common factor of 1633 and 71.
71
What is the greatest common factor of 294 and 2450?
98
Calculate the highest common divisor of 1 and 2133.
1
Calculate the greatest common factor of 3 and 48.
3
Calculate the highest common divisor of 504 and 4620.
84
What is the greatest common factor of 104 and 80?
8
What is the greatest common factor of 109 and 1417?
109
What is the highest common factor of 101 and 1?
1
What is the highest common divisor of 3016 and 928?
232
What is the highest common divisor of 2144 and 67?
67
Calculate the greatest common factor of 322 and 230.
46
What is the highest common factor of 990 and 110?
110
Calculate the greatest common factor of 54 and 12.
6
Calculate the highest common divisor of 69 and 23.
23
What is the highest common factor of 108 and 81?
27
What is the highest common factor of 12 and 156?
12
What is the highest common divisor of 640 and 2432?
128
Calculate the greatest common factor of 270 and 2770.
10
Calculate the greatest common factor of 154 and 994.
14
What is the greatest common divisor of 3636 and 36?
36
Calculate the highest common divisor of 2883 and 589.
31
Calculate the greatest common factor of 8799 and 3352.
419
What is the greatest common divisor of 6989 and 58?
29
What is the greatest common factor of 205 and 65?
5
What is the greatest common divisor of 7498 and 184?
46
Calculate the greatest common divisor of 1020 and 210.
30
What is the highest common factor of 223 and 24307?
223
What is the highest common factor of 2937 and 33?
33
What is the greatest common divisor of 30 and 37770?
30
Calculate the highest common divisor of 39 and 36.
3
What is the greatest common factor of 40 and 250?
10
What is the greatest common divisor of 43 and 387?
43
What is the highest common divisor of 21 and 51?
3
What is the greatest common factor of 2800 and 10?
10
Calculate the highest common factor of 25 and 25.
25
Calculate the greatest common factor of 2247 and 21.
21
What is the highest common factor of 93 and 3968?
31
What is the greatest common divisor of 20 and 1550?
10
Calculate the greatest common factor of 12 and 28.
4
Calculate the greatest common factor of 168 and 200.
8
What is the greatest common divisor of 12 and 36?
12
What is the greatest common factor of 141 and 9?
3
What is the greatest common divisor of 414 and 46?
46
What is the highest common factor of 59 and 15871?
59
Calculate the greatest common factor of 11584 and 96.
32
Calculate the highest common divisor of 1430 and 20878.
286
What is the greatest common factor of 97 and 679?
97
What is the highest common divisor of 1010 and 909?
101
Calculate the highest common factor of 12924 and 36.
36
What is the greatest common divisor of 154 and 9856?
154
Calculate the highest common divisor of 24 and 2616.
24
Calculate the highest common factor of 29 and 2581.
29
Calculate the greatest common factor of 91 and 112.
7
What is the greatest common divisor of 7761 and 398?
199
Calculate the greatest common divisor of 36 and 24.
12
What is the greatest common factor of 50 and 80950?
50
Calculate the highest common divisor of 504 and 2394.
126
What is the greatest common divisor of 980 and 84?
28
Calculate the highest common divisor of 210 and 12.
6
Calculate the greatest common divisor of 627 and 9633.
57
Calculate the highest common factor of 672 and 2.
2
What is the greatest common factor of 16 and 16?
16
Calculate the highest co